site number?
False
Let i be (0*4/(-12))/(-1). Suppose 4*b - f + 610 = 2624, i = 2*b - 5*f - 1016. Is b prime?
True
Suppose -2*x + 284489 = 4*s - 525561, 0 = -5*s - 2*x + 1012560. Suppose -5*f + 3*m = -s, -5*m + 40509 = f - 7*m. Is f a prime number?
True
Suppose 1276646 = -5*h + 19*h. Suppose -22*l + 15*l + h = 0. Is l prime?
False
Let y(u) = u**3 - u**2 + 11*u + 32. Let v be 188*(-3)/(-30) - (-3)/15. Is y(v) a prime number?
False
Is -326*((-221)/(-34) - 7) prime?
True
Let o(q) = 9*q**2 - 4*q - q - 19 + 26*q**2. Suppose -11*f + 57 = -9. Is o(f) prime?
False
Suppose -11*t + 1215 = 4*t. Suppose -5*s + 2*a + 117 = -2*a, -4*s + t = a. Suppose 0 = 14*y - s*y + 1141. Is y a composite number?
False
Let d = 82 - 73. Suppose -k - d = -25. Suppose 5*j + 9 = -k, -2*j - 2405 = -5*o. Is o prime?
True
Let q(z) = -17375*z**3 + 3*z**2 - 1. Let c be q(-1). Let u = -11234 + c. Is u a composite number?
False
Suppose 2*m = 2*g + 2*g - 75494, m = 4*g - 37757. Let s = -21376 - m. Is s prime?
True
Let j = 78413 + -32112. Is j a prime number?
True
Let g = -26 + 28. Suppose 0 = 5*j - 3*u + 7*u - 475, g*u = 0. Suppose 2*n = -5*x + 481, -5*x + 5*n = -400 - j. Is x a prime number?
True
Suppose -m + 45*b - 47*b = -8394, 5*m = -b + 42015. Suppose -9268 - m = -8*l. Is l a prime number?
False
Let a(d) = -137*d**3 + 43*d**2 + 55*d + 10. Let r(x) = -68*x**3 + 21*x**2 + 26*x + 5. Let p(z) = 6*a(z) - 13*r(z). Is p(6) composite?
False
Let t(u) = 69*u**2 + 15*u + 23. Let w(o) = -o**2 - o - 2. Let c(j) = t(j) + 4*w(j). Is c(-5) composite?
True
Let x(q) be the first derivative of 59*q**4/24 + 2*q**3 + 7*q**2/2 + 1. Let l(t) be the second derivative of x(t). Is l(5) composite?
False
Suppose 2*u + 4*f = 198634, 5*f = 241*u - 239*u - 198643. Is u prime?
False
Suppose -2*m - 3*s - 305 + 64 = 0, 610 = -5*m - 5*s. Let b = m + -8. Let w = 124 - b. Is w a prime number?
True
Let p(a) = -2*a**2 - 17*a + 24. Let i be (10/(-8))/(-2 - 17/(-8)). Let b be p(i). Is b/8*(-8530)/15*2 composite?
False
Let h be ((-925792)/(-140))/((-2)/(-5)). Suppose 0 = -d - 5*r + h, -2*r = -3*d + 62591 - 12944. Is d prime?
True
Suppose 12*i + 1773497 = 5*l + 8*i, 5*i = 5*l - 1773495. Is l prime?
True
Suppose 2*g - 5*g = -5*i - 19, -4*g = -5*i - 17. Is (-2)/3*((-27807)/6 + g) prime?
False
Let r(u) = -72*u**3 + 10*u**2 - 33*u + 106. Is r(-7) a prime number?
True
Let m(v) = 4*v**2 - 5*v - 3. Let x be m(10). Let j(k) = k**3 - 13*k**2 - 13*k - 10. Let c be j(14). Suppose -x = -c*a + 1137. Is a a prime number?
False
Let u be 7 - (8 + 4)/(-6). Is 139/(-3)*-6*u/18 prime?
True
Let l be (29/8)/((-15)/(-120)). Suppose -15164 = -l*n + 25*n. Is n a composite number?
True
Let y = -123177 + 172736. Is y composite?
False
Let j(i) = -i**2 - i - 432. Let o be j(0). Let s = o + 254. Let z = s - -275. Is z prime?
True
Suppose 781154 = 32*q + 32386. Is q composite?
False
Let q be -42 - ((-12)/(-3) + -1). Let z = q - -48. Suppose -4*d = 12, 0 = 5*k + 2*d - z*d - 1058. Is k a prime number?
True
Suppose 30*f = -5*w + 26*f + 1131989, -679190 = -3*w + f. Is w a composite number?
False
Suppose 1080739 = 119*m - 816240. Is m prime?
False
Suppose 13*p = 11*p + 3814. Suppose 2*n - 1902 = -4*b, 4*b - p = -2*n - n. Is b a composite number?
True
Suppose 32*n - 353481 = 31*n - 4*z, 5*z = 4*n - 1413966. Is n a prime number?
True
Is (-38467656)/(-324)*(-1)/((-6)/9) composite?
False
Let r(y) = 21*y**2 + 72*y + 6. Let q be r(5). Suppose -q*l = -888*l - 64941. Is l composite?
False
Let k(w) be the third derivative of -52*w**4/3 + w**3/2 - 35*w**2 + 8. Let u(a) = a. Let c be u(-2). Is k(c) a prime number?
False
Let f(p) = 2*p. Let c be f(-2). Suppose 20 = -y + 3*m, 138*y - 143*y = -3*m + 16. Is y + 150 + c/2 composite?
False
Is 1163/(5*(-1)/265*(1 - 2)) prime?
False
Suppose -70*z + 88*z = 75042. Is z composite?
True
Let q(a) = 1916*a + 723. Is q(11) prime?
True
Suppose -2*g + 76088 = 3*b - 192321, -5*g = -6*b + 536863. Is b composite?
True
Let q = 94195 - -655810. Is q composite?
True
Let o be 18/(-12)*7/((-14)/(-4)). Is 1526/12 + o/18 prime?
True
Let l = -3110 - -12661. Is l a prime number?
True
Suppose 0 = 35*g - 44*g + 601767. Is g prime?
True
Suppose 19*h = -10715 - 2262. Let p = 11514 - h. Is p a prime number?
True
Suppose 3*k = -2*b - 3 + 23, 0 = 3*k - 5*b + 8. Let a(z) = 28*z**2 - 40*z + 335. Let p be a(13). Suppose 0 = k*m - 2633 - p. Is m composite?
True
Suppose -z + 5*p = 3*z - 52, -3*z - 2*p + 62 = 0. Suppose 5*l = 8 - z, -5*t = -2*l - 2604. Suppose 3729 + t = g. Is g a composite number?
True
Suppose 0 = 15*c - 16*c. Let n(s) = 31 - 9*s + c + 19*s + 18. Is n(9) a prime number?
True
Let w(d) = -257*d - 9. Let t be w(-1). Let m = 393 - t. Is m composite?
True
Let l be -1*25/(200/151968). Is ((-18)/12)/(18/l) a prime number?
True
Let v = -20 - -20. Suppose 3*j = -v*j. Suppose j = 3*r + 2*d - 893, -4*r - d = -4*d - 1219. Is r composite?
True
Let g = 1867 + -4458. Let b = g + 4228. Is b a prime number?
True
Let u = -223516 + 419399. Is u a composite number?
False
Let c = 49 - 30. Let r be c/(4 + (4 - 7)). Let t = r - -58. Is t composite?
True
Let t(v) = 6*v + 13. Let n be t(15). Suppose 9*h + 18 = -9. Is n/(-4)*84/h composite?
True
Suppose 12 = -16*p + 22*p. Suppose 15587 = 4*d + x, p*d - 2*x + 7*x - 7771 = 0. Is d prime?
False
Suppose 3*z - 383*f + 384*f = 1827789, -z + 609241 = 4*f. Is z a prime number?
False
Let v = 34526 + -23524. Let d = -6281 + v. Is d composite?
False
Suppose -o + 5*o - 28 = 0. Suppose o*a = 8223 + 6596. Suppose -224 + a = j. Is j prime?
False
Suppose 6 = 4*a - 6. Suppose -j + 2*b + a = 1, 0 = -2*b + 4. Is (-3)/6*j - -172 a composite number?
True
Let f = -373 - -218. Suppose 7*p - 1370 = 604. Let z = f + p. Is z prime?
True
Let f(s) = 438*s - 419. Let l be f(-32). Let n = l - -28002. Is n composite?
False
Suppose -128*k + 129*k - 12352 = -2*j, -2*k + j + 24689 = 0. Is k a composite number?
True
Let g(v) be the first derivative of 2*v**4/3 - 5*v**3/6 + 5*v**2/2 + 6*v - 13. Let p(l) be the first derivative of g(l). Is p(4) a prime number?
True
Let b(z) = z**3 - 13*z + 7141. Is b(0) a prime number?
False
Let j be (7 + -7 - -16401) + 2. Let q = j + -9421. Is q a composite number?
True
Suppose -2*a + 1034825 = 3*k, -64*k + 1034821 = -61*k - 2*a. Is k a composite number?
False
Let f(n) = 3*n**3 + 17 + 5*n - 4*n + 4*n - 2*n**2 + 3*n. Is f(10) a prime number?
True
Let y = 29268 - 44657. Let g = y - -22336. Is g a composite number?
False
Suppose 0 = -5*w + 11*w - 18. Suppose -w*j = -0*j - 5*u + 8, 0 = -5*j + 4*u - 22. Is (-7167)/j - (-6)/12 prime?
False
Let j = 147 + -140. Let v(t) = 11 + 5 - t**3 + 4*t**2 + 4*t + 0*t**3 + 6*t**2. Is v(j) composite?
False
Let d = -3889 - -7456. Is -3*4/30 - d/(-5) a composite number?
True
Let h(i) = -i**3 + 4*i**2 - 5*i + 6. Let y be h(3). Suppose y = 2*j - j - 4. Suppose j*z = 815 + 201. Is z composite?
True
Let b(p) = -802*p - 43. Let t(o) = -5*o**2 - 89*o + 7. Let k be t(-18). Is b(k) prime?
True
Suppose -2*u + 5 - 1 = 0, 3*d + 1 = 2*u. Let y be (d + -1 + -1)/(2/(-16)). Is (-2)/9 - y/(-36) - -331 composite?
False
Let b(f) = f + 20. Let g be b(-6). Suppose 0 = -g*m + 10081 + 3107. Suppose -3*v + 171 = -m. Is v a composite number?
True
Let z be 5*-2*(-6 + 24/16). Is (z/3)/5*(-1811)/(-3) prime?
True
Let o(m) = 220*m + 43. Is o(45) a composite number?
True
Let u = -206265 + 566746. Is u prime?
False
Suppose 148*v - 151*v = 2*o - 26417, -44020 = -5*v - 5*o. Is v a prime number?
False
Suppose -150*j + 79*j + 3136141 = 0. Is j a prime number?
True
Is (9/(-6))/(5/(-1238225)*20/8) prime?
False
Let d(u) = u - 7. Let m be d(7). Suppose m = -3*w + 3705 - 339. Suppose -w + 317 = -7*l. Is l a composite number?
True
Suppose -2*o = -5 - 5. Let t be (8388/(-3) + -18)/((-2)/9). Suppose 3*q = -2*u + 7595, -o*q + u - 2*u = -t. Is q a composite number?
True
Suppose 190*x + 179*x - 398*x = -2149393. Is x composite?
True
Suppose 2*c + 19 - 31 = -2*b, 0 = 4*b + 8. Let h(v) = 20*v + 18. Is h(c) a composite number?
True
Is 0/(-1) - 1420859/((-44)/4) a prime number?
True
Suppose 14*n = -4*a + 15*n + 707112, 3*a = 9*n + 530367. Is a composite?
False
Let a(m) = m + 15. Let o be a(-8). Let y be (o + -13)/((-6)/45). Suppose y = -3*t + 144. Is t a composite number?
True
Let l(o) = -o**2 + 9*o + 21. Let v be l(12). Let c be v/(